{"id":166,"date":"2020-12-02T13:37:31","date_gmt":"2020-12-02T12:37:31","guid":{"rendered":"https:\/\/sosguepesfrelons86.fr\/?page_id=166"},"modified":"2022-07-06T07:15:23","modified_gmt":"2022-07-06T05:15:23","slug":"tarifs","status":"publish","type":"page","link":"https:\/\/sosguepesfrelons86.fr\/?page_id=166","title":{"rendered":"Tarifs"},"content":{"rendered":"<div>\n<div>\n<div>\n<div class=\"block-editor-block-list__layout is-root-container\">\n<p id=\"block-0f27509c-7902-4e20-ba51-7bf31f8b459a\" class=\"block-editor-block-list__block wp-block rich-text block-editor-rich-text__editable wp-block\" tabindex=\"0\" role=\"textbox\" contenteditable=\"true\" aria-label=\"Bloc paragraphe\" aria-multiline=\"true\" data-block=\"0f27509c-7902-4e20-ba51-7bf31f8b459a\" data-type=\"core\/paragraph\" data-title=\"Paragraphe\"><strong>Apr\u00e8s la reconnaissance des lieux, mise en s\u00e9curit\u00e9 des biens et des personnes, les tarifs applicables seront \u00e9tablis.<\/strong><\/p>\n<p id=\"block-3e5361b4-febc-45f4-895d-cea9034efc08\" class=\"block-editor-block-list__block wp-block rich-text block-editor-rich-text__editable wp-block\" style=\"text-align: center;\" tabindex=\"0\" role=\"textbox\" contenteditable=\"true\" aria-label=\"Bloc paragraphe\" aria-multiline=\"true\" data-block=\"3e5361b4-febc-45f4-895d-cea9034efc08\" data-type=\"core\/paragraph\" data-title=\"Paragraphe\"><span style=\"color: #0000ff;\"><strong>ils sont TTC, sans TVA ajout\u00e9e suivant les directives relatives aux auto-entrepreneurs.<\/strong><\/span><\/p>\n<p id=\"block-e31ee7db-b739-4300-8cfb-25d537a945e4\" class=\"block-editor-block-list__block wp-block rich-text block-editor-rich-text__editable wp-block\" tabindex=\"0\" role=\"textbox\" contenteditable=\"true\" aria-label=\"Bloc paragraphe\" aria-multiline=\"true\" data-block=\"e31ee7db-b739-4300-8cfb-25d537a945e4\" data-type=\"core\/paragraph\" data-title=\"Paragraphe\"><strong>Les tarifs comprennent :<\/strong><\/p>\n<p id=\"block-f67e41d2-028f-42d8-86b1-d76449830c99\" class=\"block-editor-block-list__block wp-block rich-text block-editor-rich-text__editable wp-block\" tabindex=\"0\" role=\"textbox\" contenteditable=\"true\" aria-label=\"Bloc paragraphe\" aria-multiline=\"true\" data-block=\"f67e41d2-028f-42d8-86b1-d76449830c99\" data-type=\"core\/paragraph\" data-title=\"Paragraphe\">.\u00a0le d\u00e9placement sur l&rsquo;ensemble du d\u00e9partement<\/p>\n<p id=\"block-cfc7c2dc-574f-4048-a2b2-9c2187f5daa5\" class=\"block-editor-block-list__block wp-block rich-text block-editor-rich-text__editable wp-block\" tabindex=\"0\" role=\"textbox\" contenteditable=\"true\" aria-label=\"Bloc paragraphe\" aria-multiline=\"true\" data-block=\"cfc7c2dc-574f-4048-a2b2-9c2187f5daa5\" data-type=\"core\/paragraph\" data-title=\"Paragraphe\">\u00a0\u00a0\u00a0\u00a0\u00a0 . 1.20\u20ac du km parcouru suppl\u00e9mentaire au del\u00e0 des 10 km ou se trouve le si\u00e8ge de la soci\u00e9t\u00e9 (ITEUIL)<\/p>\n<p id=\"block-863d0951-2e88-4f08-b2c4-a3e60084a2ca\" class=\"block-editor-block-list__block wp-block rich-text block-editor-rich-text__editable wp-block\" tabindex=\"0\" role=\"textbox\" contenteditable=\"true\" aria-label=\"Bloc paragraphe\" aria-multiline=\"true\" data-block=\"863d0951-2e88-4f08-b2c4-a3e60084a2ca\" data-type=\"core\/paragraph\" data-title=\"Paragraphe\">\u00a0\u00a0\u00a0\u00a0\u00a0 . Produits et mat\u00e9riels divers.<\/p>\n<p id=\"block-4d078610-d75e-4500-8178-326f0e7d0b1a\" class=\"block-editor-block-list__block wp-block rich-text block-editor-rich-text__editable wp-block\" tabindex=\"0\" role=\"textbox\" contenteditable=\"true\" aria-label=\"Bloc paragraphe\" aria-multiline=\"true\" data-block=\"4d078610-d75e-4500-8178-326f0e7d0b1a\" data-type=\"core\/paragraph\" data-title=\"Paragraphe\">\u00a0\u00a0\u00a0\u00a0\u00a0 . Responsabilit\u00e9 civile Professionnelle.<\/p>\n<p id=\"block-b7c7b245-9899-466d-9a18-93e619ab3574\" class=\"block-editor-block-list__block wp-block rich-text block-editor-rich-text__editable is-hovered wp-block\" style=\"text-align: center;\" tabindex=\"0\" role=\"textbox\" contenteditable=\"true\" aria-label=\"Bloc paragraphe\" aria-multiline=\"true\" data-block=\"b7c7b245-9899-466d-9a18-93e619ab3574\" data-type=\"core\/paragraph\" data-title=\"Paragraphe\"><span style=\"color: #ff0000;\"><strong>Toutes nos interventions sont garanties<\/strong><\/span><\/p>\n<p id=\"block-b19d98cd-7a80-4d06-9cf8-1952bbd211e3\" class=\"block-editor-block-list__block wp-block rich-text block-editor-rich-text__editable wp-block\" tabindex=\"0\" role=\"textbox\" contenteditable=\"true\" aria-label=\"Bloc paragraphe\" aria-multiline=\"true\" data-block=\"b19d98cd-7a80-4d06-9cf8-1952bbd211e3\" data-type=\"core\/paragraph\" data-title=\"Paragraphe\"><strong>\u00a0\u00a0\u00a0\u00a0 . Dans le cas d&rsquo;une r\u00e9cidive sur le m\u00eame nid,(dans le mois) nous interviendrons gratuitement jusqu&rsquo;\u00e0 l&rsquo;obtention d&rsquo;un r\u00e9sultat net<\/strong><\/p>\n<p id=\"block-9e7f365e-a7aa-4944-ba7c-7eee585af9a6\" class=\"block-editor-block-list__block wp-block rich-text block-editor-rich-text__editable wp-block\" tabindex=\"0\" role=\"textbox\" contenteditable=\"true\" aria-label=\"Bloc paragraphe\" aria-multiline=\"true\" data-block=\"9e7f365e-a7aa-4944-ba7c-7eee585af9a6\" data-type=\"core\/paragraph\" data-title=\"Paragraphe\"><b>\u00a0\u00a0\u00a0Le paiement par ch\u00e8que, CB ou esp\u00e8ces s&rsquo;effectue le jour m\u00eame, \u00e0 la suite de quoi une facture vous sera \u00e9tablie.<\/b><\/p>\n<div class=\"block-list-appender\" tabindex=\"-1\"><\/div>\n<\/div>\n<\/div>\n<\/div>\n<\/div>\n<div tabindex=\"0\"><\/div>\n","protected":false},"excerpt":{"rendered":"<p>Apr\u00e8s la reconnaissance des lieux, mise en s\u00e9curit\u00e9 des biens et des personnes, les tarifs applicables seront \u00e9tablis. ils sont TTC, sans TVA ajout\u00e9e suivant les directives relatives aux auto-entrepreneurs. Les tarifs comprennent : .\u00a0le d\u00e9placement sur l&rsquo;ensemble du d\u00e9partement \u00a0\u00a0\u00a0\u00a0\u00a0 . 1.20\u20ac du km parcouru suppl\u00e9mentaire au del\u00e0 des 10 km ou se trouve [&hellip;]<\/p>\n","protected":false},"author":1,"featured_media":0,"parent":0,"menu_order":0,"comment_status":"closed","ping_status":"closed","template":"","meta":[],"_links":{"self":[{"href":"https:\/\/sosguepesfrelons86.fr\/index.php?rest_route=\/wp\/v2\/pages\/166"}],"collection":[{"href":"https:\/\/sosguepesfrelons86.fr\/index.php?rest_route=\/wp\/v2\/pages"}],"about":[{"href":"https:\/\/sosguepesfrelons86.fr\/index.php?rest_route=\/wp\/v2\/types\/page"}],"author":[{"embeddable":true,"href":"https:\/\/sosguepesfrelons86.fr\/index.php?rest_route=\/wp\/v2\/users\/1"}],"replies":[{"embeddable":true,"href":"https:\/\/sosguepesfrelons86.fr\/index.php?rest_route=%2Fwp%2Fv2%2Fcomments&post=166"}],"version-history":[{"count":3,"href":"https:\/\/sosguepesfrelons86.fr\/index.php?rest_route=\/wp\/v2\/pages\/166\/revisions"}],"predecessor-version":[{"id":267,"href":"https:\/\/sosguepesfrelons86.fr\/index.php?rest_route=\/wp\/v2\/pages\/166\/revisions\/267"}],"wp:attachment":[{"href":"https:\/\/sosguepesfrelons86.fr\/index.php?rest_route=%2Fwp%2Fv2%2Fmedia&parent=166"}],"curies":[{"name":"wp","href":"https:\/\/api.w.org\/{rel}","templated":true}]}}